*(-1)/(-1)?
3
Let s = 132 + -53. Suppose 0 = -3*l + 3*u + 5 + s, -4*u + 49 = 3*l. What is the tens digit of l?
2
Let m = -11 - -23. What is the units digit of m/((-1)/(-1)) - 1?
1
Let w = 16 + -9. Let b = w - 6. What is the units digit of b?
1
Let x(v) = 11*v**2 + 1. Let y = 9 - 7. Let b be x(y). Suppose 5*l = 2*q - b + 13, 2*l = -4*q + 16. What is the units digit of q?
6
Let z(j) = j**3 - 8*j**2 + 8*j - 5. Let x be z(7). Suppose 0 = -x*p + 6*p - 12. Suppose s - n - 4 = -p*s, 0 = 4*n. What is the units digit of s?
1
Let l(u) = 3*u - 22. What is the units digit of l(8)?
2
What is the tens digit of 133/14 + 2/4?
1
Suppose -g + 9 = 3*r, 3*g + 0 = -3*r + 9. Suppose 0 = -r*b - 0 + 9. Suppose 4*z + b*m = 44, -3*z + z - m + 20 = 0. What is the units digit of z?
8
Suppose f - 3*f = -4. Suppose -f*p + p + 5*j - 3 = 0, 0 = 5*p + j + 15. What is the units digit of (p - 24/(-10))*-10?
6
Suppose -3*k - 236 = -7*k. What is the units digit of k?
9
Let h = 41 + -65. What is the units digit of h/(-10)*(-20)/(-8)?
6
Suppose -2*z = 0, -o + 1 = -0*o + 4*z. Let t be -1 - (-8*o + -2). Suppose 9 + t = 2*r. What is the units digit of r?
9
Suppose 165 + 332 = 7*a. What is the units digit of a?
1
Let n = 298 + -178. Suppose 0*d = -5*d + n. What is the units digit of d?
4
Let h(r) = r**2 - 2*r + 55. What is the tens digit of h(0)?
5
Let z = 11 - 8. Let g be (2/(-6))/(4/(-60)). Suppose -13 = 2*s + g*t, -s + 8 + z = -t. What is the units digit of s?
6
Let q = 6 + -4. Let s be q*(-2)/((-12)/(-15)). Let t = -2 - s. What is the units digit of t?
3
Let f(a) = -a - 4. Let v be f(4). Suppose -5 = -2*q - 0*q - 3*c, 2*c = 3*q + 25. Let p = q - v. What is the units digit of p?
3
Suppose -6*l = g - 5*l - 9, 4*g + 3*l - 31 = 0. Let s(i) = i**2 + 6*i - 1. What is the tens digit of s(g)?
3
Let v = 6 - -1. Let l = v - 5. Suppose -l*i + 10 = 3*i. What is the units digit of i?
2
Let s be (3/(-2))/(9/60). What is the units digit of ((-16)/s)/(3/15)?
8
Let a(x) = 21*x**2 + 2*x - 1. Suppose 4*q = -0*q - 108. Let h be 3/q*-3*3. What is the tens digit of a(h)?
2
Suppose 4*c + 3 = -5. Let o be (-234)/(-63) - c/7. What is the units digit of ((-4)/(-6))/(o/66)?
1
Let t = -1 - -3. Suppose 255 = t*w + 3*w. What is the units digit of w?
1
Let m be (1 - 2) + -1 + -1. Let u = -3 - m. What is the units digit of 2/(-2) - (-3 - u)?
2
Suppose 57 = 2*r + 9. What is the tens digit of r?
2
Suppose 0 = 3*n - 5*u - 86, 2*n - 47 = n - 2*u. What is the tens digit of n?
3
Let m(o) = -14*o + o**2 - 4 - 4 - 2*o**2 + 6*o. What is the units digit of m(-6)?
4
Let f(s) be the first derivative of s**3/3 - s**2/2 + 13*s + 1. What is the units digit of f(0)?
3
What is the tens digit of (-30)/4*264/(-20)?
9
Let f = -143 + 209. Let z = -45 + f. What is the tens digit of z?
2
Let c(h) = h**2 + 2*h + 8. Let w be c(-6). Let t = w - 22. What is the units digit of t?
0
Let o be (1 - (-1)/(-4))*-4. What is the units digit of o*(0 + 14/(-6))?
7
Let c = 51 + 136. What is the tens digit of c?
8
Let u = 3 - 5. Let p be (108/8)/(u/(-4)). Let q = -18 + p. What is the units digit of q?
9
Let y(g) = g. Let q be y(-7). Let a(v) = -11*v**3 - v**2 - 7*v - 1. Let r(f) = -5*f**3 - 4*f - 1. Let c(o) = -6*a(o) + 13*r(o). What is the tens digit of c(q)?
1
Let l be 1*(-3 + -3 + 29). Suppose 1 = 2*j - l. What is the tens digit of j?
1
Let f = 388 - 182. What is the units digit of f?
6
What is the units digit of ((-125)/5)/((-4)/8)?
0
Let u be (21*-1)/(-3) + 1. Let s = 17 - u. What is the units digit of s?
9
Let v(w) = -w**2 - 8*w - 1. Let u be v(-8). Let o = 6 + u. Suppose -85 = -5*a + 5*t, -a = -2*a - 2*t + o. What is the units digit of a?
3
Let x = -22 - -10. Let z(g) = g**3 + 12*g**2 - 3*g - 10. Let w be z(x). Suppose -a - 2*r = 2*a - w, 37 = 4*a + 5*r. What is the units digit of a?
8
Let x = -1 + -1. Let m = -4 - x. Let d = m + 5. What is the units digit of d?
3
Let r = -4 + 6. Suppose 0 = -r*k - 3*k + 30. What is the units digit of k?
6
Suppose -2*i = -0*i + 4, 5*w = 5*i + 20. Suppose w*m - 4*m + h + 2 = 0, -4*h = -m - 6. What is the units digit of m?
2
Suppose 18 = 4*k - 2*k. Let d be (-2)/3 - (-87)/k. What is the units digit of (0 - d/12)*-16?
2
Suppose 8 = 3*n - n. Suppose 122 = n*d + 5*w, 0 = -4*d + d + 3*w + 105. What is the units digit of d?
3
Let u(q) = -2*q**3 - 4*q**2 - q + 2. Let z be u(-2). Let y = z + -4. What is the units digit of y - ((-2)/1 - 1)?
3
Let u(x) = -8*x - 112. What is the units digit of u(-22)?
4
Suppose -5 = -3*m + 1. Suppose -m*o = 3*o + 2*w - 53, -4*w = -16. What is the units digit of o?
9
Let a(p) = p**2 + 6*p - 3. Let u(c) = c**3 - 8*c**2 - 11*c + 11. Let s be (-2)/7 - 455/(-49). Let f be u(s). What is the units digit of a(f)?
4
What is the units digit of 798/8 + 2/(-48)*-6?
0
What is the tens digit of 1/(-2) - 154/(-4)?
3
Let g(q) = -q**3 - 5*q**2 - 2*q + 8. Let h(m) = -m**2 + 1. Let v(r) = -g(r) + 5*h(r). What is the units digit of v(3)?
0
Let j(f) = -3*f**3 - 6*f**2 + f - 4. Let d(g) = 7*g**3 + 13*g**2 - 3*g + 9. Let a(b) = -2*d(b) - 5*j(b). What is the units digit of a(-2)?
8
Let l(n) = -n**2 - 15*n - 19. What is the units digit of l(-9)?
5
Let x(q) be the first derivative of -q**4/12 - q**3 + 7*q**2/2 + q - 2. Let a(m) be the first derivative of x(m). What is the units digit of a(-6)?
7
Let f = -3 - -1. Let x be 365/30 - f/(-12). Suppose -3*a + x = -0*a. What is the units digit of a?
4
Let h(g) = -g + 8. Let j be (-3 + 2)/((-2)/12). What is the units digit of h(j)?
2
Let q(m) = 9*m. Let n be q(2). Suppose n = b - 2. Suppose 2*o - b = -0*o. What is the units digit of o?
0
What is the tens digit of (-2)/(-1)*236/8?
5
Let r(v) be the first derivative of v**3/3 - 4*v + 7. Suppose 2*h + h = 9. What is the units digit of r(h)?
5
What is the tens digit of (584 - 0)/(46/23)?
9
Suppose 0 = 27*g - 29*g + 116. What is the units digit of g?
8
Let f(y) = 5*y. Let k be f(1). Let q = k - 0. What is the units digit of q?
5
Suppose -3*v + 8 = -4*v. What is the units digit of 0 + 2 + -3 - v?
7
Let h(l) be the second derivative of l**4/3 - l**3/6 + 2*l. Let p be h(-1). Suppose -p*x + 8 = -27. What is the units digit of x?
7
Let h(j) be the third derivative of 7*j**5/60 - j**4/24 + j**3/6 + j**2. Let f(s) be the first derivative of h(s). What is the tens digit of f(1)?
1
Let v = -10 + 20. Suppose 2 + v = 3*u. What is the units digit of u?
4
Let z(l) = -l**3 + 3*l**2 + l. Let n be z(3). Suppose x + 9 = 5*r, n*x + 2*x + 3*r + 17 = 0. Let t = 18 + x. What is the tens digit of t?
1
Let t(d) = 4*d**3 + 6*d**2 - 3*d - 3. Let v(n) = -n**3 - n**2 - n. Let m(o) = t(o) + 3*v(o). What is the units digit of m(-4)?
5
Suppose -5*m - 5*p - 14 = -3*p, 2*m = 2*p. Let y(o) = -6*o + 3. What is the tens digit of y(m)?
1
Suppose 0 = -12*p + 9*p + 18. What is the units digit of p?
6
Let r = -50 + 60. What is the tens digit of r?
1
Let z(a) = 9*a + 9. Let g be z(4). Suppose -2*r - r + g = 0. What is the units digit of r?
5
What is the hundreds digit of 311 - (4 + -6)*4/(-8)?
3
Let s(f) = f**3 + 10*f**2 + 8*f - 5. Suppose -4 - 80 = 4*q. Let l = q + 12. What is the units digit of s(l)?
4
Let j = 1 + 1. Suppose j*g - 4 = g. Let s = g + 9. What is the units digit of s?
3
Let s be 6/(-1 + 2 + -3). What is the units digit of 2/(-3) - 86/s?
8
What is the units digit of (-102)/(-10) - 5/25?
0
What is the units digit of 1456/(-24)*(-2 + (-4)/7)?
6
Suppose -4*n = -0*n - 448. What is the units digit of n?
2
Suppose -a + 3*a = 30. What is the units digit of (-6)/a + 17/5?
3
Suppose 0 = -3*l + 2*a - 52, -3*a + 5*a - 92 = 5*l. Let p be (-375)/l + 2/8. Suppose 6 = 5*u - p. What is the units digit of u?
5
Let u = 5 + 0. Suppose -u*w = -6 - 9. Suppose 0 = -w*b + 17 - 5. What is the units digit of b?
4
Let o(a) = a**2 + 2*a - 5. Suppose -5*t - 20 = -3*r, 5*r + 4 + 12 = -4*t. What is the units digit of o(t)?
3
Let u = -6 + 7. Suppose 3*d - u = -j, -3*j + 3*d = -8*j - 19. What is the tens digit of (-5)/(j/16) - 3?
1
Let g = 7 + -4. Suppose g = 2*l - 5. Let t(c) = -c**2 + 7*c - 1. What is the units digit of t(l)?
1
Let r be (-3)/(-3) - (0 + -15). Suppose 4*v - n = 2*v + 6, -r = -2*v - 4*n. What is the units digit of v?
4
Let v be (1/2)/((-1)/2). Let g be (-2 + (0 - v))*-2. Suppose -g*y = -20 + 4. What is the units digit of y?
8
Suppose 4*o - 116 = -28. What is the